{"id":273,"date":"2019-01-04T20:37:02","date_gmt":"2019-01-04T20:37:02","guid":{"rendered":"http:\/\/xn--rhner-auszeit-jmb.de\/?page_id=273"},"modified":"2019-01-04T20:37:02","modified_gmt":"2019-01-04T20:37:02","slug":"sternenpark-rhoen","status":"publish","type":"page","link":"https:\/\/xn--rhner-auszeit-jmb.de\/?page_id=273","title":{"rendered":"Sternenpark Rh\u00f6n"},"content":{"rendered":"\n<p>Aufgrund von Industrialisierung, Zersiedelung, der Entstehung von Ballungsr\u00e4umen und anderen Faktoren herrscht nur noch an wenigen Orten in Europa nach Sonnenuntergang nat\u00fcrliche Dunkelheit. Die Rh\u00f6n jedoch weist noch Gebiete mit nahezu nat\u00fcrlichen Nachtlandschaften und einem sternenreichen Himmel auf.<\/p>\n\n\n\n<figure class=\"wp-block-image\"><img decoding=\"async\" loading=\"lazy\" width=\"1000\" height=\"681\" src=\"http:\/\/xn--rhner-auszeit-jmb.de\/wp-content\/uploads\/2019\/01\/Sternkarte-big-2012-12.jpg\" alt=\"\" class=\"wp-image-274\" srcset=\"https:\/\/xn--rhner-auszeit-jmb.de\/wp-content\/uploads\/2019\/01\/Sternkarte-big-2012-12.jpg 1000w, https:\/\/xn--rhner-auszeit-jmb.de\/wp-content\/uploads\/2019\/01\/Sternkarte-big-2012-12-300x204.jpg 300w, https:\/\/xn--rhner-auszeit-jmb.de\/wp-content\/uploads\/2019\/01\/Sternkarte-big-2012-12-768x523.jpg 768w\" sizes=\"(max-width: 1000px) 100vw, 1000px\" \/><\/figure>\n\n\n\n<p>Diese Gebiete sind wichtig und wertvoll, weil sie neben der Sch\u00f6nheit des Sternenhimmels auch Lebensraum f\u00fcr zahlreiche tag- und nachtaktive Tiere und Pflanzen bieten. Die Auszeichnung \u201eSternenpark\u201c soll diese Gebiete nachhaltig sch\u00fctzen. Weitere Ziele sind die Erforschung des nachtaktiven Lebensraumes und die Vermittlung der Freude am \u00e4ltesten Kulturgut der Menschheit \u2013 der Beobachtung des Sternenhimmels sowie dem Lauf der Gestirne.<\/p>\n\n\n\n<p>Der Sternenpark Rh\u00f6n ist kein &#8222;Park&#8220;. Es ist eine Region im Biosph\u00e4renreservat Rh\u00f6n in dem die nat\u00fcrliche Nacht gesch\u00fctzt wird.<\/p>\n\n\n\n<figure class=\"wp-block-image\"><img decoding=\"async\" loading=\"lazy\" width=\"1024\" height=\"684\" src=\"http:\/\/xn--rhner-auszeit-jmb.de\/wp-content\/uploads\/2019\/01\/Gerda_Wynants_Hohe_Geba-1024x684.jpg\" alt=\"\" class=\"wp-image-275\" srcset=\"https:\/\/xn--rhner-auszeit-jmb.de\/wp-content\/uploads\/2019\/01\/Gerda_Wynants_Hohe_Geba-1024x684.jpg 1024w, https:\/\/xn--rhner-auszeit-jmb.de\/wp-content\/uploads\/2019\/01\/Gerda_Wynants_Hohe_Geba-300x200.jpg 300w, https:\/\/xn--rhner-auszeit-jmb.de\/wp-content\/uploads\/2019\/01\/Gerda_Wynants_Hohe_Geba-768x513.jpg 768w\" sizes=\"(max-width: 1024px) 100vw, 1024px\" \/><figcaption>Bild Gerda Wynants \/ Aufnahmeort: Hohe Geba<\/figcaption><\/figure>\n\n\n\n<p>Sternguckerwanderung:<br><br>W\u00e4hrend dieser Wanderung erlernen Sie das selbst\u00e4ndige Auffinden der Sternbilder und h\u00f6ren Geschichten aus Wissenschaft und Mythologie, die sich um die jeweiligen Bilder, den Kosmos und die Sterne ranken. Auf diese Weise wollen wir das \u00e4lteste Kulturgut der Menschheit \u2013 unseren Sternenhimmel \u2013 n\u00e4her kennen lernen. <br><br>Mondlichtwanderung:<br> <br>Mal ist er da, mal ist er weg &#8211; sicherlich hat kaum ein Gestirn die Menschheit seit jeher so fasziniert wie der Mond. Diese Mondlichtwanderung entlockt dem Mond allerhand Geheimnisse. Erleben Sie zudem einen dreidimensionalen Mond im Sternenpark Rh\u00f6n, der sein silbriges Licht wie einen Schleier \u00fcber die H\u00fcgel der Rh\u00f6n wirft.<br><br>Astronomischer Abendspaziergang:<br><br>Auch ein bew\u00f6lkter Himmel l\u00e4dt zu einem Spaziergang im Sternenpark Rh\u00f6n ein. Sternengeschichten aus Wissenschaft und Mythologie gibt es viele. Lassen Sie sich von der Sch\u00f6nheit und Einzigartigkeit der nat\u00fcrlichen Rh\u00f6ner Nachtlandschaften mit seinen dunklen Wolken verzaubern.<\/p>\n\n\n\n<figure class=\"wp-block-image\"><img decoding=\"async\" loading=\"lazy\" width=\"1024\" height=\"719\" src=\"http:\/\/xn--rhner-auszeit-jmb.de\/wp-content\/uploads\/2019\/01\/Info_Sternenpark-1024x719.jpg\" alt=\"\" class=\"wp-image-276\" srcset=\"https:\/\/xn--rhner-auszeit-jmb.de\/wp-content\/uploads\/2019\/01\/Info_Sternenpark-1024x719.jpg 1024w, https:\/\/xn--rhner-auszeit-jmb.de\/wp-content\/uploads\/2019\/01\/Info_Sternenpark-300x211.jpg 300w, https:\/\/xn--rhner-auszeit-jmb.de\/wp-content\/uploads\/2019\/01\/Info_Sternenpark-768x539.jpg 768w, https:\/\/xn--rhner-auszeit-jmb.de\/wp-content\/uploads\/2019\/01\/Info_Sternenpark.jpg 1200w\" sizes=\"(max-width: 1024px) 100vw, 1024px\" \/><\/figure>\n\n\n\n<p style=\"text-align:center\" class=\"has-medium-font-size\">Infos und Termine \/ Buchungen f\u00fcr gef\u00fchrte Sternenwanderungen: <br>Frau Sabine Frank, &#8222;Sternenpark im Biosph\u00e4renreservat Rh\u00f6n&#8220; <br>Telefon: 0661\/ 25199-59 <br>E-Mail: sabine.frank@landkreis-fulda.de <br><a href=\"http:\/\/www.sternenpark-rhoen.de\" target=\"_blank\" rel=\"noreferrer noopener\" aria-label=\"www.sternenpark-rhoen.de (\u00f6ffnet in neuem Tab)\">www.sternenpark-rhoen.de<\/a> <\/p>\n","protected":false},"excerpt":{"rendered":"<p>Aufgrund von Industrialisierung, Zersiedelung, der Entstehung von Ballungsr\u00e4umen und anderen Faktoren herrscht nur noch an wenigen Orten in Europa nach Sonnenuntergang nat\u00fcrliche Dunkelheit. Die Rh\u00f6n jedoch weist noch Gebiete mit nahezu nat\u00fcrlichen Nachtlandschaften und einem sternenreichen Himmel auf. Diese Gebiete<\/p>\n","protected":false},"author":1,"featured_media":0,"parent":0,"menu_order":0,"comment_status":"closed","ping_status":"closed","template":"","meta":{"ngg_post_thumbnail":0},"_links":{"self":[{"href":"https:\/\/xn--rhner-auszeit-jmb.de\/index.php?rest_route=\/wp\/v2\/pages\/273"}],"collection":[{"href":"https:\/\/xn--rhner-auszeit-jmb.de\/index.php?rest_route=\/wp\/v2\/pages"}],"about":[{"href":"https:\/\/xn--rhner-auszeit-jmb.de\/index.php?rest_route=\/wp\/v2\/types\/page"}],"author":[{"embeddable":true,"href":"https:\/\/xn--rhner-auszeit-jmb.de\/index.php?rest_route=\/wp\/v2\/users\/1"}],"replies":[{"embeddable":true,"href":"https:\/\/xn--rhner-auszeit-jmb.de\/index.php?rest_route=%2Fwp%2Fv2%2Fcomments&post=273"}],"version-history":[{"count":2,"href":"https:\/\/xn--rhner-auszeit-jmb.de\/index.php?rest_route=\/wp\/v2\/pages\/273\/revisions"}],"predecessor-version":[{"id":321,"href":"https:\/\/xn--rhner-auszeit-jmb.de\/index.php?rest_route=\/wp\/v2\/pages\/273\/revisions\/321"}],"wp:attachment":[{"href":"https:\/\/xn--rhner-auszeit-jmb.de\/index.php?rest_route=%2Fwp%2Fv2%2Fmedia&parent=273"}],"curies":[{"name":"wp","href":"https:\/\/api.w.org\/{rel}","templated":true}]}}