{"id":96,"date":"2019-01-02T18:37:56","date_gmt":"2019-01-02T18:37:56","guid":{"rendered":"http:\/\/xn--rhner-auszeit-jmb.de\/?page_id=96"},"modified":"2022-04-14T14:22:49","modified_gmt":"2022-04-14T14:22:49","slug":"startseite","status":"publish","type":"page","link":"http:\/\/xn--rhner-auszeit-jmb.de\/?page_id=96","title":{"rendered":"Wohnung Sternenpark"},"content":{"rendered":"\n<figure class=\"wp-block-image\"><img decoding=\"async\" loading=\"lazy\" width=\"1024\" height=\"768\" src=\"http:\/\/xn--rhner-auszeit-jmb.de\/wp-content\/uploads\/2019\/01\/K\u00fcche_OG_rhoen_auszeit_3-1024x768.jpg\" alt=\"\" class=\"wp-image-341\" srcset=\"http:\/\/xn--rhner-auszeit-jmb.de\/wp-content\/uploads\/2019\/01\/K\u00fcche_OG_rhoen_auszeit_3-1024x768.jpg 1024w, http:\/\/xn--rhner-auszeit-jmb.de\/wp-content\/uploads\/2019\/01\/K\u00fcche_OG_rhoen_auszeit_3-300x225.jpg 300w, http:\/\/xn--rhner-auszeit-jmb.de\/wp-content\/uploads\/2019\/01\/K\u00fcche_OG_rhoen_auszeit_3-768x576.jpg 768w\" sizes=\"(max-width: 1024px) 100vw, 1024px\" \/><figcaption>Moderne Wohnk\u00fcche mit LCD TV, Geschirrsp\u00fcler, E-Herd, Ceranfeld, Mikrowelle, Wasserkocher, Kaffeemaschine&#8230;<\/figcaption><\/figure>\n\n\n\n<p>Die Wohnung &#8222;Sternenpark&#8220; im Obergeschoss bietet Platz f\u00fcr 2 Personen <br>( bis 3 Personen auf Anfrage m\u00f6glich). Sie ist \u00fcber eine Treppe mit Handlauf zu erreichen.<\/p>\n\n\n\n<p><strong>Ausstattung Wohnung Sternenpark<\/strong><\/p>\n\n\n\n<p>Wohnk\u00fcche mit moderner K\u00fcchenzeile ( Ceran-Kochfeld, Backofen, Geschirrsp\u00fcler, K\u00fchlschrank, Mikrowelle, Wasserkocher, Kaffeemaschine. Polsterm\u00f6bel mit Schlaffunktion, LCD HD TV, Radio ).<\/p>\n\n\n\n<p>Schlafraum mit Doppelbett und Kleiderschrank.<br>Kinder-Reisebett auf Anfrage m\u00f6glich. <\/p>\n\n\n\n<p>Bad mit Dusche, WC.<\/p>\n\n\n\n<p>In der Wohnung kann kostenfreies WLAN genutzt werden.<\/p>\n\n\n\n<figure class=\"wp-block-image\"><img decoding=\"async\" loading=\"lazy\" width=\"1024\" height=\"768\" src=\"http:\/\/xn--rhner-auszeit-jmb.de\/wp-content\/uploads\/2019\/01\/K\u00fcche_OG_rhoen_auszeit_2-1024x768.jpg\" alt=\"\" class=\"wp-image-340\" srcset=\"http:\/\/xn--rhner-auszeit-jmb.de\/wp-content\/uploads\/2019\/01\/K\u00fcche_OG_rhoen_auszeit_2-1024x768.jpg 1024w, http:\/\/xn--rhner-auszeit-jmb.de\/wp-content\/uploads\/2019\/01\/K\u00fcche_OG_rhoen_auszeit_2-300x225.jpg 300w, http:\/\/xn--rhner-auszeit-jmb.de\/wp-content\/uploads\/2019\/01\/K\u00fcche_OG_rhoen_auszeit_2-768x576.jpg 768w\" sizes=\"(max-width: 1024px) 100vw, 1024px\" \/><\/figure>\n\n\n\n<figure class=\"wp-block-image\"><img decoding=\"async\" loading=\"lazy\" width=\"1024\" height=\"768\" src=\"http:\/\/xn--rhner-auszeit-jmb.de\/wp-content\/uploads\/2019\/01\/WZ_OG_rhoen_auszeit_2-1024x768.jpg\" alt=\"\" class=\"wp-image-358\" srcset=\"http:\/\/xn--rhner-auszeit-jmb.de\/wp-content\/uploads\/2019\/01\/WZ_OG_rhoen_auszeit_2-1024x768.jpg 1024w, http:\/\/xn--rhner-auszeit-jmb.de\/wp-content\/uploads\/2019\/01\/WZ_OG_rhoen_auszeit_2-300x225.jpg 300w, http:\/\/xn--rhner-auszeit-jmb.de\/wp-content\/uploads\/2019\/01\/WZ_OG_rhoen_auszeit_2-768x576.jpg 768w\" sizes=\"(max-width: 1024px) 100vw, 1024px\" \/><\/figure>\n\n\n\n<figure class=\"wp-block-image is-resized\"><img decoding=\"async\" loading=\"lazy\" src=\"http:\/\/xn--rhner-auszeit-jmb.de\/wp-content\/uploads\/2019\/01\/WZ_OG_rhoen_auszeit_1-1024x768.jpg\" alt=\"\" class=\"wp-image-357\" width=\"579\" height=\"434\" srcset=\"http:\/\/xn--rhner-auszeit-jmb.de\/wp-content\/uploads\/2019\/01\/WZ_OG_rhoen_auszeit_1-1024x768.jpg 1024w, http:\/\/xn--rhner-auszeit-jmb.de\/wp-content\/uploads\/2019\/01\/WZ_OG_rhoen_auszeit_1-300x225.jpg 300w, http:\/\/xn--rhner-auszeit-jmb.de\/wp-content\/uploads\/2019\/01\/WZ_OG_rhoen_auszeit_1-768x576.jpg 768w\" sizes=\"(max-width: 579px) 100vw, 579px\" \/><figcaption>Wohnk\u00fcche mit Echtholzm\u00f6beln und Schlafsofa.<\/figcaption><\/figure>\n\n\n\n<figure class=\"wp-block-image\"><img decoding=\"async\" loading=\"lazy\" width=\"1024\" height=\"768\" src=\"http:\/\/xn--rhner-auszeit-jmb.de\/wp-content\/uploads\/2019\/01\/SZ_OG_rhoen_auszeit_3-1024x768.jpg\" alt=\"\" class=\"wp-image-352\" srcset=\"http:\/\/xn--rhner-auszeit-jmb.de\/wp-content\/uploads\/2019\/01\/SZ_OG_rhoen_auszeit_3-1024x768.jpg 1024w, http:\/\/xn--rhner-auszeit-jmb.de\/wp-content\/uploads\/2019\/01\/SZ_OG_rhoen_auszeit_3-300x225.jpg 300w, http:\/\/xn--rhner-auszeit-jmb.de\/wp-content\/uploads\/2019\/01\/SZ_OG_rhoen_auszeit_3-768x576.jpg 768w\" sizes=\"(max-width: 1024px) 100vw, 1024px\" \/><figcaption>Moderne und offene Wohnr\u00e4ume in der Wohnung Sternenpark.<\/figcaption><\/figure>\n\n\n\n<figure class=\"wp-block-image\"><img decoding=\"async\" loading=\"lazy\" width=\"1024\" height=\"768\" src=\"http:\/\/xn--rhner-auszeit-jmb.de\/wp-content\/uploads\/2019\/01\/SZ_OG_rhoen_auszeit_1-1024x768.jpg\" alt=\"\" class=\"wp-image-350\" srcset=\"http:\/\/xn--rhner-auszeit-jmb.de\/wp-content\/uploads\/2019\/01\/SZ_OG_rhoen_auszeit_1-1024x768.jpg 1024w, http:\/\/xn--rhner-auszeit-jmb.de\/wp-content\/uploads\/2019\/01\/SZ_OG_rhoen_auszeit_1-300x225.jpg 300w, http:\/\/xn--rhner-auszeit-jmb.de\/wp-content\/uploads\/2019\/01\/SZ_OG_rhoen_auszeit_1-768x576.jpg 768w\" sizes=\"(max-width: 1024px) 100vw, 1024px\" \/><figcaption>Schlafzimmer mit Doppelbett, Kleiderschrank und Kommode.<\/figcaption><\/figure>\n\n\n\n<figure class=\"wp-block-image\"><img decoding=\"async\" loading=\"lazy\" width=\"1024\" height=\"253\" src=\"http:\/\/xn--rhner-auszeit-jmb.de\/wp-content\/uploads\/2019\/01\/WZ_OG_rhoen_auszeit_panorama-1024x253.jpg\" alt=\"\" class=\"wp-image-359\" srcset=\"http:\/\/xn--rhner-auszeit-jmb.de\/wp-content\/uploads\/2019\/01\/WZ_OG_rhoen_auszeit_panorama-1024x253.jpg 1024w, http:\/\/xn--rhner-auszeit-jmb.de\/wp-content\/uploads\/2019\/01\/WZ_OG_rhoen_auszeit_panorama-300x74.jpg 300w, http:\/\/xn--rhner-auszeit-jmb.de\/wp-content\/uploads\/2019\/01\/WZ_OG_rhoen_auszeit_panorama-768x190.jpg 768w\" sizes=\"(max-width: 1024px) 100vw, 1024px\" \/><figcaption>Panoramaaufnahme Wohnung Sternenpark<\/figcaption><\/figure>\n\n\n\n<figure class=\"wp-block-image\"><img decoding=\"async\" loading=\"lazy\" width=\"1024\" height=\"768\" src=\"http:\/\/xn--rhner-auszeit-jmb.de\/wp-content\/uploads\/2019\/01\/Bad_OG_rhoen_auszeit_1-1024x768.jpg\" alt=\"\" class=\"wp-image-336\" srcset=\"http:\/\/xn--rhner-auszeit-jmb.de\/wp-content\/uploads\/2019\/01\/Bad_OG_rhoen_auszeit_1-1024x768.jpg 1024w, http:\/\/xn--rhner-auszeit-jmb.de\/wp-content\/uploads\/2019\/01\/Bad_OG_rhoen_auszeit_1-300x225.jpg 300w, http:\/\/xn--rhner-auszeit-jmb.de\/wp-content\/uploads\/2019\/01\/Bad_OG_rhoen_auszeit_1-768x576.jpg 768w\" sizes=\"(max-width: 1024px) 100vw, 1024px\" \/><figcaption>Modernes Bad mit Dachfenster, WC und Dusche in der Wohnung Sternenpark<\/figcaption><\/figure>\n\n\n\n<figure class=\"wp-block-image\"><img decoding=\"async\" loading=\"lazy\" width=\"1024\" height=\"768\" src=\"http:\/\/xn--rhner-auszeit-jmb.de\/wp-content\/uploads\/2019\/01\/Bad_OG_rhoen_auszeit_2-1024x768.jpg\" alt=\"\" class=\"wp-image-337\" srcset=\"http:\/\/xn--rhner-auszeit-jmb.de\/wp-content\/uploads\/2019\/01\/Bad_OG_rhoen_auszeit_2-1024x768.jpg 1024w, http:\/\/xn--rhner-auszeit-jmb.de\/wp-content\/uploads\/2019\/01\/Bad_OG_rhoen_auszeit_2-300x225.jpg 300w, http:\/\/xn--rhner-auszeit-jmb.de\/wp-content\/uploads\/2019\/01\/Bad_OG_rhoen_auszeit_2-768x576.jpg 768w\" sizes=\"(max-width: 1024px) 100vw, 1024px\" \/><\/figure>\n\n\n\n<figure class=\"wp-block-image\"><img decoding=\"async\" loading=\"lazy\" width=\"1024\" height=\"268\" src=\"http:\/\/xn--rhner-auszeit-jmb.de\/wp-content\/uploads\/2019\/01\/Bad_OG_rhoen_auszeit_3-1024x268.jpg\" alt=\"\" class=\"wp-image-338\" srcset=\"http:\/\/xn--rhner-auszeit-jmb.de\/wp-content\/uploads\/2019\/01\/Bad_OG_rhoen_auszeit_3-1024x268.jpg 1024w, http:\/\/xn--rhner-auszeit-jmb.de\/wp-content\/uploads\/2019\/01\/Bad_OG_rhoen_auszeit_3-300x79.jpg 300w, http:\/\/xn--rhner-auszeit-jmb.de\/wp-content\/uploads\/2019\/01\/Bad_OG_rhoen_auszeit_3-768x201.jpg 768w\" sizes=\"(max-width: 1024px) 100vw, 1024px\" \/><figcaption>Panoramaaufnahme Bad Wohnung Sternenpark<\/figcaption><\/figure>\n\n\n\n<figure class=\"wp-block-image\"><img decoding=\"async\" loading=\"lazy\" width=\"1024\" height=\"768\" src=\"http:\/\/xn--rhner-auszeit-jmb.de\/wp-content\/uploads\/2019\/02\/Fahrrad_Garage-1-1024x768.jpg\" alt=\"\" class=\"wp-image-401\" srcset=\"http:\/\/xn--rhner-auszeit-jmb.de\/wp-content\/uploads\/2019\/02\/Fahrrad_Garage-1-1024x768.jpg 1024w, http:\/\/xn--rhner-auszeit-jmb.de\/wp-content\/uploads\/2019\/02\/Fahrrad_Garage-1-300x225.jpg 300w, http:\/\/xn--rhner-auszeit-jmb.de\/wp-content\/uploads\/2019\/02\/Fahrrad_Garage-1-768x576.jpg 768w\" sizes=\"(max-width: 1024px) 100vw, 1024px\" \/><figcaption>Fahrrad und Motorrad Garage und Werkstatt.<\/figcaption><\/figure>\n\n\n\n<table class=\"wp-block-table alignwide\"><tbody><tr><td><strong>Nebensaison<\/strong><br>(01.10.-31.03.)<br>ab 2 \u00dcbernachtungen, <br>Preis Wohnung Sternenpark<br>2 Personen ( max. 4 Personen ) <\/td><td><strong>Nebensaison<\/strong><br>(01.10.-31.03.)<br>ab 5 \u00dcbernachtungen, <br>Preis Wohnung Sternenpark<br>2 Personen ( max. 4 Personen ) <\/td><td><strong>Nebensaison<\/strong><br>(01.10.-31.03.)<br>ab 7 \u00dcbernachtungen,<br>Preis Wohnung Sternenpark  <br>2 Personen ( max. 4 Personen )  <\/td><\/tr><tr><td> <strong>60\u20ac pro Nacht<\/strong> <strong>( 2 Pers.)<\/strong> <\/td><td> <strong>55\u20ac pro Nacht<\/strong> <strong>( 2 Pers.)<\/strong> <\/td><td> <strong>50\u20ac pro Nacht<\/strong> <strong>( 2 Pers.)<\/strong>  <\/td><\/tr><tr><td>jede weitere Person 5\u20ac pro Tag<br><br>Kinder bis 2 Jahre kostenlos  <\/td><td>jede weitere Person 5\u20ac pro Tag<br><br>Kinder bis 2 Jahre kostenlos  <\/td><td>jede weitere Person 5\u20ac pro Tag<br><br>Kinder bis 2 Jahre kostenlos  <\/td><\/tr><\/tbody><\/table>\n\n\n\n<table class=\"wp-block-table alignwide\"><tbody><tr><td><strong>Hauptsaison<\/strong><br>(01.04.-30.09.)<br>ab 2 \u00dcbernachtungen,<br>Preis Wohnung Sternenpark <br>2 Personen ( max. 4 Personen ) <\/td><td><strong>Hauptsaison<\/strong><br>(01.04.-30.09.)<br>ab 5 \u00dcbernachtungen,<br>Preis Wohnung Sternenpark <br>2 Personen ( max. 4 Personen ) <\/td><td><strong>Hauptsaison<\/strong><br>(01.04.-30.09.)<br>ab 7 \u00dcbernachtungen,<br>Preis Wohnung Sternenpark <br>2 Personen ( max. 4 Personen ) <\/td><\/tr><tr><td> <strong>65\u20ac pro Nacht<\/strong> <strong>( 2 Pers.)<\/strong> <\/td><td><strong>60\u20ac pro Nacht<\/strong> <strong>( 2 Pers.)<\/strong> <\/td><td><strong>55\u20ac pro Nacht<\/strong> <strong>( 2 Pers.)<\/strong>  <\/td><\/tr><tr><td>jede weitere Person 5\u20ac pro Tag<br><br>Kinder bis 2 Jahre kostenlos  <\/td><td>jede weitere Person 5\u20ac pro Tag<br><br>Kinder bis 2 Jahre kostenlos  <\/td><td>jede weitere Person 5\u20ac pro Tag<br><br>Kinder bis 2 Jahre kostenlos  <\/td><\/tr><\/tbody><\/table>\n\n\n\n<p><strong>Buchung \/ Anfragen: info@rhoener-auszeit.de<\/strong><br><br><strong>Telefon \/ WhatsApp: 0151 \/ 12316651<\/strong><\/p>\n\n\n\n<p>\nEin-Tages\u00fcbernachtungen auf Anfrage m\u00f6glich.\n\n<\/p>\n\n\n\n<p class=\"has-text-color has-medium-font-size has-vivid-cyan-blue-color\"><a rel=\"noreferrer noopener\" aria-label=\"Hier gehts zum Buchungskalender und zur Onlinebuchung (\u00f6ffnet in neuem Tab)\" href=\"https:\/\/buchen.rhoen.de\/de\/ferienhaus-rhoner-auszeit?id=98839&amp;rate_id=0&amp;rate_title=\" target=\"_blank\">Link zum Buchungskalender und zur Online-Buchung<\/a><\/p>\n\n\n\n<p>Im Gesamtpreis sind Bettw\u00e4sche, Handt\u00fccher, Wasser, Energie und Endreinigung enthalten.<\/p>\n\n\n\n<p class=\"has-text-color has-luminous-vivid-orange-color\">F\u00fcr das Kinder-Reisebett wird keine Bettdecke, Kopfkissen und Bettw\u00e4sche zur  Verf\u00fcgung gestellt. Dies ist von den G\u00e4sten mitzubringen.<\/p>\n\n\n\n<p>Der Mindestaufenthalt betr\u00e4gt 2 N\u00e4chte.<br><strong>Rabatt ab 5 oder 7 \u00dcbernachtungen.<\/strong><br>Anreise ab 14 Uhr am Anreisetag.<br>Abreise bis 10 Uhr am Abreisetag.<\/p>\n\n\n\n<p>Haltung von Haustieren auf Anfrage. <br>Die Haltung von Haustieren in den Ferienwohnungen ist nicht gestattet. F\u00fcr Hunde ist eine \u00dcbernachtungsm\u00f6glichkeit ( Zwinger mit Auslauf ) im Nebengeb\u00e4ude vorhanden. Pro Nacht werden 8\u20ac f\u00fcr die Unterbringung im Zwinger berechnet.<\/p>\n\n\n\n<ul class=\"is-layout-flex wp-block-gallery-1 wp-block-gallery columns-3 is-cropped\"><li class=\"blocks-gallery-item\"><figure><img decoding=\"async\" loading=\"lazy\" width=\"768\" height=\"1024\" src=\"http:\/\/xn--rhner-auszeit-jmb.de\/wp-content\/uploads\/2019\/04\/Zwinger_Rh\u00f6ner_Auszeit_1-768x1024.jpg\" alt=\"\" data-id=\"541\" class=\"wp-image-541\" srcset=\"http:\/\/xn--rhner-auszeit-jmb.de\/wp-content\/uploads\/2019\/04\/Zwinger_Rh\u00f6ner_Auszeit_1-768x1024.jpg 768w, http:\/\/xn--rhner-auszeit-jmb.de\/wp-content\/uploads\/2019\/04\/Zwinger_Rh\u00f6ner_Auszeit_1-225x300.jpg 225w, http:\/\/xn--rhner-auszeit-jmb.de\/wp-content\/uploads\/2019\/04\/Zwinger_Rh\u00f6ner_Auszeit_1.jpg 1200w\" sizes=\"(max-width: 768px) 100vw, 768px\" \/><\/figure><\/li><li class=\"blocks-gallery-item\"><figure><img decoding=\"async\" loading=\"lazy\" width=\"768\" height=\"1024\" src=\"http:\/\/xn--rhner-auszeit-jmb.de\/wp-content\/uploads\/2019\/04\/Zwinger_Rh\u00f6ner_Auszeit_2-768x1024.jpg\" alt=\"\" data-id=\"542\" data-link=\"http:\/\/xn--rhner-auszeit-jmb.de\/?attachment_id=542\" class=\"wp-image-542\" srcset=\"http:\/\/xn--rhner-auszeit-jmb.de\/wp-content\/uploads\/2019\/04\/Zwinger_Rh\u00f6ner_Auszeit_2-768x1024.jpg 768w, http:\/\/xn--rhner-auszeit-jmb.de\/wp-content\/uploads\/2019\/04\/Zwinger_Rh\u00f6ner_Auszeit_2-225x300.jpg 225w, http:\/\/xn--rhner-auszeit-jmb.de\/wp-content\/uploads\/2019\/04\/Zwinger_Rh\u00f6ner_Auszeit_2.jpg 1200w\" sizes=\"(max-width: 768px) 100vw, 768px\" \/><\/figure><\/li><li class=\"blocks-gallery-item\"><figure><img decoding=\"async\" loading=\"lazy\" width=\"768\" height=\"1024\" src=\"http:\/\/xn--rhner-auszeit-jmb.de\/wp-content\/uploads\/2019\/04\/Zwinger_Rh\u00f6ner_Auszeit_3-768x1024.jpg\" alt=\"\" data-id=\"543\" data-link=\"http:\/\/xn--rhner-auszeit-jmb.de\/?attachment_id=543\" class=\"wp-image-543\" srcset=\"http:\/\/xn--rhner-auszeit-jmb.de\/wp-content\/uploads\/2019\/04\/Zwinger_Rh\u00f6ner_Auszeit_3-768x1024.jpg 768w, http:\/\/xn--rhner-auszeit-jmb.de\/wp-content\/uploads\/2019\/04\/Zwinger_Rh\u00f6ner_Auszeit_3-225x300.jpg 225w, http:\/\/xn--rhner-auszeit-jmb.de\/wp-content\/uploads\/2019\/04\/Zwinger_Rh\u00f6ner_Auszeit_3.jpg 1200w\" sizes=\"(max-width: 768px) 100vw, 768px\" \/><\/figure><\/li><\/ul>\n","protected":false},"excerpt":{"rendered":"<p>Die Wohnung &#8222;Sternenpark&#8220; im Obergeschoss bietet Platz f\u00fcr 2 Personen ( bis 3 Personen auf Anfrage m\u00f6glich). Sie ist \u00fcber eine Treppe mit Handlauf zu erreichen. Ausstattung Wohnung Sternenpark Wohnk\u00fcche mit moderner K\u00fcchenzeile ( Ceran-Kochfeld, Backofen, Geschirrsp\u00fcler, K\u00fchlschrank, Mikrowelle, Wasserkocher,<\/p>\n","protected":false},"author":1,"featured_media":13,"parent":0,"menu_order":0,"comment_status":"closed","ping_status":"closed","template":"","meta":{"ngg_post_thumbnail":0},"_links":{"self":[{"href":"http:\/\/xn--rhner-auszeit-jmb.de\/index.php?rest_route=\/wp\/v2\/pages\/96"}],"collection":[{"href":"http:\/\/xn--rhner-auszeit-jmb.de\/index.php?rest_route=\/wp\/v2\/pages"}],"about":[{"href":"http:\/\/xn--rhner-auszeit-jmb.de\/index.php?rest_route=\/wp\/v2\/types\/page"}],"author":[{"embeddable":true,"href":"http:\/\/xn--rhner-auszeit-jmb.de\/index.php?rest_route=\/wp\/v2\/users\/1"}],"replies":[{"embeddable":true,"href":"http:\/\/xn--rhner-auszeit-jmb.de\/index.php?rest_route=%2Fwp%2Fv2%2Fcomments&post=96"}],"version-history":[{"count":32,"href":"http:\/\/xn--rhner-auszeit-jmb.de\/index.php?rest_route=\/wp\/v2\/pages\/96\/revisions"}],"predecessor-version":[{"id":649,"href":"http:\/\/xn--rhner-auszeit-jmb.de\/index.php?rest_route=\/wp\/v2\/pages\/96\/revisions\/649"}],"wp:featuredmedia":[{"embeddable":true,"href":"http:\/\/xn--rhner-auszeit-jmb.de\/index.php?rest_route=\/wp\/v2\/media\/13"}],"wp:attachment":[{"href":"http:\/\/xn--rhner-auszeit-jmb.de\/index.php?rest_route=%2Fwp%2Fv2%2Fmedia&parent=96"}],"curies":[{"name":"wp","href":"https:\/\/api.w.org\/{rel}","templated":true}]}}